 39. Let z = 26 - 22. Suppose -r = z*k - 52, -2*r + 56 = -r + 5*k. Calculate the remainder when r is divided by w.
17
Let z(d) = -d**3 - 8*d**2 - 2*d - 21. Let r be z(-9). Let p = 93 - r. Calculate the remainder when 20 is divided by -4 + p/4 + (-90)/(-8).
9
Calculate the remainder when -42*(-3 - 82) - (-5 - (-40)/8) is divided by 65.
60
Let h be -7 + 0 - -1 - -64. Suppose -h = -7*u + 229. Calculate the remainder when 72 is divided by u.
31
Let p(r) = 1989*r + 15959. Calculate the remainder when p(-8) is divided by 45.
2
Let j(b) = b**3 - 45*b**2 + 67*b - 324. Calculate the remainder when j(44) is divided by 30.
28
Suppose 1280 = 41*p + 16*p - 1399. What is the remainder when 1549 is divided by p?
45
Suppose -87*v + 121589 = 71*v + 41*v. What is the remainder when v is divided by 62?
53
Suppose -1432 = -9*u + 5*u. Let a = u - 272. Calculate the remainder when a is divided by 6.
2
Suppose 48 = 4*v - a, -v + 5*a + 6 + 25 = 0. Let s(n) = n**2 + 4. What is the remainder when s(4) is divided by v?
9
Let u be (-8)/(-5)*30/12. Suppose -2*s + 3*d + 35 = 2*s, u*d = -4. What is the remainder when 62 is divided by s?
6
Suppose -68*d = -56*d. Suppose -4*y + 2*l + 26 = 0, -3*y - l - 3 + 35 = d. What is the remainder when 484 is divided by y?
7
Let w = 224 + -147. Let d be (10/(-3))/((-4)/(-6)*1). Let a(b) = b**3 + 5*b**2 - 7*b - 8. What is the remainder when w is divided by a(d)?
23
Let x(v) = -v**3 + 14*v**2 - 3*v - 95. Calculate the remainder when x(12) is divided by 21.
10
Let w = -583 + 391. Let l = w + 229. What is the remainder when l is divided by 10?
7
What is the remainder when ((-28)/21 - (-68276)/6)/(0 + 2) is divided by 10?
9
Let o = 37292 - 32408. What is the remainder when o is divided by 94?
90
Suppose 5*v + 25 = -5*y, -2*y - 19 = -2*v - 9. Let o = 2 - -1. Suppose -3*p - 7 = -v*j - j, 0 = o*j - 2*p - 28. Calculate the remainder when 39 is divided by j.
9
Suppose -h = -9*h + 4192. Suppose -2*v + h = -2*q, -385 + 132 = -v - 2*q. What is the remainder when v is divided by 66?
61
Suppose 0 = 456*i - 449*i - 35. What is the remainder when (3 - -1)/(2/56) is divided by 0 + (1 - (-110)/i)?
20
Let d = -19 + 18. Let o be ((63/(-14))/((-1)/(-6)))/d. Let n = o + -2. Calculate the remainder when n is divided by 3.
1
Suppose 17*f - 612 = 8*f. Suppose 17*v - 18*v = -f. Calculate the remainder when v is divided by 9.
5
Suppose -5*h = -27 + 87. Let s = h - -3. Calculate the remainder when 39 is divided by (6/s)/(6/(-189)).
18
Let i = 20274 - 14768. What is the remainder when i is divided by 306?
304
Suppose 3*o - 5*h = 229, 5*o - 379 + 64 = -5*h. What is the remainder when 303 is divided by o?
31
Let o = -204 + 199. What is the remainder when -4 - (o + (1 - 1)) is divided by 1?
0
Let j = -5573 - -6872. Calculate the remainder when j is divided by 431.
6
Let v = 17 + -22. Let s(w) = -2*w + 1. Let f = 226 - 207. Calculate the remainder when f is divided by s(v).
8
Let l(u) = 4*u**3 - 6*u**2 + 198*u - 607. Let g(s) = -s**3 + s**2 - s + 65. Calculate the remainder when g(0) is divided by l(3).
24
Let k = 8959 - 8880. What is the remainder when 6075 is divided by k?
71
Let r be (-3 - -42)*26/6. Let v be (31/((-465)/12))/((-1)/10). Suppose v - r = -7*c. What is the remainder when 42 is divided by c?
19
Suppose 9*r = 5*r - 5*u + 251, 0 = 2*r - 2*u - 148. What is the remainder when 3030 is divided by r?
63
Let i = -73 - -72. Calculate the remainder when 86 is divided by 27 + (-1 - -1) + (-2 - i).
8
Let b(t) = -27*t - 6 + 13 + 3 + 13*t. Let j be b(5). Let k = -43 - j. Calculate the remainder when 83 is divided by k.
15
Suppose -4*i - 2*h + 260 = 0, 5*i - 7*h + 9*h = 324. Suppose 53*p = 517 + 1603. What is the remainder when i is divided by p?
24
Suppose -2*s - 93 = -3*r + s, -s - 2 = 0. Suppose 4 = -w + r. Calculate the remainder when w is divided by 15.
10
Let z = 21 + -8. Let v be (-3*(167/(-3))/1)/(-1). Let o = -131 - v. Calculate the remainder when o is divided by z.
10
Let g be (1/3)/((-24)/576). Let l(f) = f + 11. Calculate the remainder when (1 + 4/g)*1*16 is divided by l(-8).
2
Let r = -268 - -272. Suppose -43 = -3*v + 4*b + 31, 22 = v - r*b. Let a(u) = -u + 10. What is the remainder when v is divided by a(0)?
6
Suppose 2645 = 5*h - 48*c + 53*c, -5*h + 3*c = -2589. What is the remainder when h is divided by 176?
170
Suppose m - 3*z - 5 = 9, -4*m = 5*z - 39. What is the remainder when (357/3)/(3/(-3 - -6)) is divided by m?
9
Let h(a) = 2*a**2 + 8*a - 57. Calculate the remainder when h(19) is divided by 102.
1
Let l(y) = 21*y**2 - 4*y - 16. Suppose 12*z + 18 = 3*z. What is the remainder when 217 is divided by l(z)?
65
Suppose 478*v + 480*v - 2768 = 942*v. What is the remainder when 887 is divided by v?
22
Let o(i) = i**3 + 8*i**2 - 38*i - 19. Let v be o(-11). Let r = -7 + 21. Let t = v - r. What is the remainder when 42 is divided by t?
20
Let j(t) = -t**3 + 9*t**2 - 39*t + 138. What is the remainder when 632 is divided by j(6)?
8
Suppose -2013 = -3*i - 5*f, 5*f = i - 600 - 51. Suppose -49*l = -40*l - i. What is the remainder when 146 is divided by l?
72
Suppose 313 = 3*p - 0*n - 4*n, 0 = 3*p + 5*n - 358. Let z(i) = -66*i - 1160. Calculate the remainder when p is divided by z(-18).
27
What is the remainder when 1013 is divided by (14 + 0/1)*-6*10/(-120)?
5
Suppose -23*v - 7 + 30 = 0. Suppose -2*i = 2*f - 77 + v, i = -3*f + 46. Let s = -6 - -73. What is the remainder when s is divided by i?
33
Suppose 2*s - 8 = -2*j - 2*s, 0 = -j - s + 3. Let h(v) = 2*v**3 - 3*v**2 + 2*v. What is the remainder when 12 is divided by h(j)?
4
Let z = 4141 - 4117. What is the remainder when 693 is divided by z?
21
Suppose -14*f - 29168 + 29350 = 0. Calculate the remainder when 127 is divided by f.
10
Let k = -617 - -4125. Calculate the remainder when k is divided by 65.
63
Suppose -408*y = n - 406*y - 980, -4*y = -2*n + 1928. What is the remainder when n is divided by 46?
6
Calculate the remainder when (-22 - -27)*1/5*2572 is divided by 112.
108
Let d = -20294 - -20305. What is the remainder when 80 is divided by d?
3
Let c(y) = -y**3 + 67*y**2 + 68*y + 12. Calculate the remainder when 383 is divided by c(68).
11
Suppose 54*g - 25*g - 145 = 0. Let s(u) = 5*u - 1. Let b be s(1). Suppose y - g*z - 46 = -6, y + 4*z - b = 0. Calculate the remainder when 55 is divided by y.
15
Suppose 0 = 6*n - 3*n + l - 17, 4*n - 2*l - 6 = 0. Suppose -24 + 168 = n*r. Let w = r - 21. Calculate the remainder when w is divided by 6.
3
Let g(b) = -2*b**3 - 116*b**2 - 4*b - 150. What is the remainder when 1967 is divided by g(-58)?
81
Let b be -4 - (-1 - (-24)/(-6)). What is the remainder when 101 is divided by (-22)/(-55)*(-1 - (b - 17))?
5
Let w = 2545 - 2464. Calculate the remainder when 220 is divided by w.
58
Suppose -106*c + 215*c = -142*c + 49949. What is the remainder when 1214 is divided by c?
20
Suppose -2*c - m = -24276, 4*c + 3*m - 48428 = 118. What is the remainder when c is divided by 3?
0
Let m(f) = -f**2 + 3*f - 1. Suppose 5*c - 16 = -s + 10, 2*s = -2*c + 12. Let r be m(s). Calculate the remainder when 57 is divided by 20 - 7 - (1 + 1 + r).
7
Let g = -71 + 155. Let p = g - 82. What is the remainder when (-4)/(2/(-24)*p) is divided by 5?
4
What is the remainder when (4 - 74/10) + 3 + 4028/20 is divided by 9?
3
Let w(u) = 140*u**2 + 12*u + 121. Calculate the remainder when w(-6) is divided by 19.
16
Suppose -5*q + 177 = 42. Suppose 19*h - 2418 = -176. What is the remainder when h is divided by q?
10
Suppose 6*b - 11315 = -1595. Suppose 5*m - 9*u = -12*u + b, 5*m - 2*u - 1620 = 0. Calculate the remainder when m is divided by 65.
64
Let y be (19/3)/(510/72 + -7). Suppose 9*v = 5*v + y. Calculate the remainder when 38 is divided by v.
0
Let c(r) = 3*r**2 - 43*r + 13. Calculate the remainder when c(17) is divided by ((-12)/(-8))/((-72)/(-960)).
9
Let u(t) = -266*t - 1574. What is the remainder when 1674 is divided by u(-8)?
12
Let t(h) = -34*h + 3*h - 17*h + 2*h. Let d(y) = y - 4. Let m be d(3). What is the remainder when t(m) is divided by 12?
10
Let r(j) = -3*j + 3 + 5*j**3 - 117*j**2 + 0*j + 118*j**2. Calculate the remainder when 201 is divided by r(2).
37
Suppose 20*l - 23488 = 4*l. What is the remainder when l is divided by 17?
6
Let r(u) = u**3 + 14*u**2 + 13*u + 4. Let y be r(-13). Sup